{"id":10,"date":"2025-06-09T13:30:07","date_gmt":"2025-06-09T18:30:07","guid":{"rendered":"https:\/\/concurso.bamocol.com\/?page_id=10"},"modified":"2025-06-13T14:02:59","modified_gmt":"2025-06-13T19:02:59","slug":"formulario-de-consentimiento","status":"publish","type":"page","link":"https:\/\/concurso.bamocol.com\/","title":{"rendered":"Formulario de Consentimiento"},"content":{"rendered":"\t\t<div data-elementor-type=\"wp-page\" data-elementor-id=\"10\" class=\"elementor elementor-10\">\n\t\t\t\t<div class=\"elementor-element elementor-element-5c1a9f3 e-flex e-con-boxed e-con e-parent\" data-id=\"5c1a9f3\" data-element_type=\"container\">\n\t\t\t\t\t<div class=\"e-con-inner\">\n\t\t\t\t<div class=\"elementor-element elementor-element-a39761a elementor-widget elementor-widget-image\" data-id=\"a39761a\" data-element_type=\"widget\" data-widget_type=\"image.default\">\n\t\t\t\t<div class=\"elementor-widget-container\">\n\t\t\t\t\t\t\t\t\t\t\t\t\t\t\t<img decoding=\"async\" width=\"240\" height=\"81\" src=\"https:\/\/concurso.bamocol.com\/wp-content\/uploads\/2025\/06\/logo-bamocol_1.png\" class=\"attachment-large size-large wp-image-12\" alt=\"\" \/>\t\t\t\t\t\t\t\t\t\t\t\t\t\t\t<\/div>\n\t\t\t\t<\/div>\n\t\t\t\t\t<\/div>\n\t\t\t\t<\/div>\n\t\t<div class=\"elementor-element elementor-element-0848157 e-flex e-con-boxed e-con e-parent\" data-id=\"0848157\" data-element_type=\"container\">\n\t\t\t\t\t<div class=\"e-con-inner\">\n\t\t\t\t<div class=\"elementor-element elementor-element-5006db2 elementor-widget elementor-widget-heading\" data-id=\"5006db2\" data-element_type=\"widget\" data-widget_type=\"heading.default\">\n\t\t\t\t<div class=\"elementor-widget-container\">\n\t\t\t\t\t<h2 class=\"elementor-heading-title elementor-size-default\">CESI\u00d3N VOLUNTARIA Y AUTORIZACI\u00d3N DE USO DE IMAGEN FOTOGR\u00c1FICA.<\/h2>\t\t\t\t<\/div>\n\t\t\t\t<\/div>\n\t\t\t\t<div class=\"elementor-element elementor-element-e1976f2 fluent-form-widget-step-header-yes fluent-form-widget-step-progressbar-yes fluentform-widget-submit-button-custom elementor-widget elementor-widget-fluent-form-widget\" data-id=\"e1976f2\" data-element_type=\"widget\" data-widget_type=\"fluent-form-widget.default\">\n\t\t\t\t<div class=\"elementor-widget-container\">\n\t\t\t\t\t\n            <div class=\"fluentform-widget-wrapper fluentform-widget-align-default\">\n\n            \n            <div class='fluentform ff-default fluentform_wrapper_2 ffs_default_wrap'><form data-form_id=\"2\" id=\"fluentform_2\" class=\"frm-fluent-form fluent_form_2 ff-el-form-top ff_form_instance_2_1 ff-form-loading ffs_default\" data-form_instance=\"ff_form_instance_2_1\" method=\"POST\" ><fieldset  style=\"border: none!important;margin: 0!important;padding: 0!important;background-color: transparent!important;box-shadow: none!important;outline: none!important; min-inline-size: 100%;\">\n                    <legend class=\"ff_screen_reader_title\" style=\"display: block; margin: 0!important;padding: 0!important;height: 0!important;text-indent: -999999px;width: 0!important;overflow:hidden;\">Consentimiento<\/legend><input type='hidden' name='__fluent_form_embded_post_id' value='10' \/><input type=\"hidden\" id=\"_fluentform_2_fluentformnonce\" name=\"_fluentform_2_fluentformnonce\" value=\"953784c8cd\" \/><input type=\"hidden\" name=\"_wp_http_referer\" value=\"\/index.php\/wp-json\/wp\/v2\/pages\/10\" \/><div data-name=\"ff_cn_id_1\"  class='ff-t-container ff-column-container ff_columns_total_1  '><div class='ff-t-cell ff-t-column-1' style='flex-basis: 100%;'><div data-type=\"name-element\" data-name=\"names\" class=\" ff-field_container ff-name-field-wrapper\" ><div class='ff-t-container'><div class='ff-t-cell '><div class='ff-el-group ff-el-form-top'><div class=\"ff-el-input--label ff-el-is-required asterisk-right\"><label for='ff_2_names_first_name_' >Yo, <\/label><\/div><div class='ff-el-input--content'><input type=\"text\" name=\"names[first_name]\" id=\"ff_2_names_first_name_\" class=\"ff-el-form-control\" placeholder=\"Coloque su nombre completo \" aria-invalid=\"false\" aria-required=true><\/div><\/div><\/div><\/div><\/div><div class='ff-el-group ff-el-form-top'><div class=\"ff-el-input--label ff-el-is-required asterisk-right\"><label for='ff_2_input_text' aria-label=\"Mayor de edad, identificado con el documento Nro.:\">Mayor de edad, identificado con el documento Nro.:<\/label><\/div><div class='ff-el-input--content'><input type=\"text\" name=\"input_text\" class=\"ff-el-form-control\" placeholder=\"Coloque su n\u00famero de documento de identidad\" data-name=\"input_text\" id=\"ff_2_input_text\"  aria-invalid=\"false\" aria-required=true><\/div><\/div><div class='ff-el-group  ff-custom_html' tabindex='-1' data-name=\"custom_html-2_1\" ><p>por medio del presente documento autorizo de manera libre, voluntaria, previa, expresa e informada a la empresa <strong>BA\u00d1O MOVIL DE COLOMBIA BAMOCOL SA EN REORGANIZACI\u00d3N,<\/strong> identificada con<strong> NIT: 805009601-8<\/strong>, con domicilio en Cali, para que use las im\u00e1genes (fotograf\u00edas y\/o videos) en las que aparezco o de las cuales soy autor, que he enviado de forma voluntaria a trav\u00e9s de los medios digitales oficiales de la empresa.<\/p><\/div><div class='ff-el-group'><div class=\"ff-el-input--label ff-el-is-required asterisk-right\"><label  aria-label=\"AUTORIZO EL USO PARA LOS SIGUIENTES FINES:\">AUTORIZO EL USO PARA LOS SIGUIENTES FINES:<\/label><\/div><div class='ff-el-input--content'><div class='ff-el-form-check ff-el-form-check-'><label class='ff-el-form-check-label' for=checkbox_74465b1a6c62c62d86e99abac5ad2530><input  type=\"checkbox\" name=\"checkbox[]\" data-name=\"checkbox\" class=\"ff-el-form-check-input ff-el-form-check-checkbox\" value=\"Publicaci\u00f3n en redes sociales oficiales de Bamocol (Instagram, Facebook, LinkedIn, entre otras).\"  id='checkbox_74465b1a6c62c62d86e99abac5ad2530' aria-label='Publicaci\u00f3n en redes sociales oficiales de Bamocol (Instagram, Facebook, LinkedIn, entre otras).' aria-invalid='false' aria-required=true> <span>Publicaci\u00f3n en redes sociales oficiales de Bamocol (Instagram, Facebook, LinkedIn, entre otras).<\/span><\/label><\/div><div class='ff-el-form-check ff-el-form-check-'><label class='ff-el-form-check-label' for=checkbox_76042512614f44fb479a9ac14aa1f775><input  type=\"checkbox\" name=\"checkbox[]\" data-name=\"checkbox\" class=\"ff-el-form-check-input ff-el-form-check-checkbox\" value=\"Uso en el sitio web oficial de Bamocol y plataformas asociadas.\"  id='checkbox_76042512614f44fb479a9ac14aa1f775' aria-label='Uso en el sitio web oficial de Bamocol y plataformas asociadas.' aria-invalid='false' aria-required=true> <span>Uso en el sitio web oficial de Bamocol y plataformas asociadas.<\/span><\/label><\/div><div class='ff-el-form-check ff-el-form-check-'><label class='ff-el-form-check-label' for=checkbox_5352d84eb5b40ac3b6de43294968ac8b><input  type=\"checkbox\" name=\"checkbox[]\" data-name=\"checkbox\" class=\"ff-el-form-check-input ff-el-form-check-checkbox\" value=\"Inclusi\u00f3n en piezas publicitarias, campa\u00f1as de comunicaci\u00f3n interna y externa, presentaciones, y dem\u00e1s medios digitales relacionados con la marca.\"  id='checkbox_5352d84eb5b40ac3b6de43294968ac8b' aria-label='Inclusi\u00f3n en piezas publicitarias, campa\u00f1as de comunicaci\u00f3n interna y externa, presentaciones, y dem\u00e1s medios digitales relacionados con la marca.' aria-invalid='false' aria-required=true> <span>Inclusi\u00f3n en piezas publicitarias, campa\u00f1as de comunicaci\u00f3n interna y externa, presentaciones, y dem\u00e1s medios digitales relacionados con la marca.<\/span><\/label><\/div><div class='ff-el-form-check ff-el-form-check-'><label class='ff-el-form-check-label' for=checkbox_f022dca6508b2243a12fe1682743789e><input  type=\"checkbox\" name=\"checkbox[]\" data-name=\"checkbox\" class=\"ff-el-form-check-input ff-el-form-check-checkbox\" value=\"Difusi\u00f3n con fines promocionales, informativos, educativos o comerciales.\"  id='checkbox_f022dca6508b2243a12fe1682743789e' aria-label='Difusi\u00f3n con fines promocionales, informativos, educativos o comerciales.' aria-invalid='false' aria-required=true> <span>Difusi\u00f3n con fines promocionales, informativos, educativos o comerciales.<\/span><\/label><\/div><\/div><\/div><\/div><\/div><div class='ff-el-group  ff-custom_html' tabindex='-1' data-name=\"custom_html-2_2\" ><p data-start=\"1235\" data-end=\"1258\"><strong data-start=\"1242\" data-end=\"1258\">CONDICIONES:<\/strong><\/p>\n<ul data-start=\"1260\" data-end=\"1709\">\n<li data-start=\"1260\" data-end=\"1401\">\n<p data-start=\"1262\" data-end=\"1401\">Declaro que soy el titular de los derechos de las im\u00e1genes entregadas o que cuento con la debida autorizaci\u00f3n de quienes aparecen en ellas.<\/p>\n<\/li>\n<li data-start=\"1402\" data-end=\"1495\">\n<p data-start=\"1404\" data-end=\"1495\">Esta autorizaci\u00f3n es otorgada <strong data-start=\"1434\" data-end=\"1472\">sin l\u00edmite territorial ni temporal<\/strong>, y de manera gratuita.<\/p>\n<\/li>\n<li data-start=\"1496\" data-end=\"1573\">\n<p data-start=\"1498\" data-end=\"1573\">Entiendo que no recibir\u00e9 compensaci\u00f3n econ\u00f3mica por el uso de las im\u00e1genes.<\/p>\n<\/li>\n<li data-start=\"1574\" data-end=\"1709\">\n<p data-start=\"1576\" data-end=\"1709\">Podr\u00e9 revocar esta autorizaci\u00f3n en cualquier momento mediante comunicaci\u00f3n escrita enviada a <em><strong>servicioalcliente@bamocol.com.<\/strong><\/em><\/p>\n<\/li>\n<\/ul><\/div><div class='ff-el-group    ff-el-input--content'><div class='ff-el-form-check ff-el-tc'><label aria-label='He le\u00eddo y acepto los T\u00e9rminos y Condiciones y la Pol\u00edtica de Privacidad' class='ff-el-form-check-label ff_tc_label' for=terms-n-condition_ebef268f4bd01e09d30673a77a46a6eb><span class='ff_tc_checkbox'><input type=\"checkbox\" name=\"terms-n-condition\" class=\"ff-el-form-check-input\" data-name=\"terms-n-condition\" id=\"terms-n-condition_ebef268f4bd01e09d30673a77a46a6eb\"  value='on' aria-invalid='false' aria-required=false><\/span> <div class='ff_t_c'><p>He le\u00eddo y acepto los T\u00e9rminos y Condiciones y la Pol\u00edtica de Privacidad<\/p><\/div><\/label><\/div><\/div><div class='ff-el-group'><div class=\"ff-el-input--label asterisk-right\"><label  aria-label=\"Firma\">Firma<\/label><\/div><div class='ff-el-input--content'><input type='text' name='signature' class='force-hide'>\n\n<div class=\"fluentform-signature-pad-wrapper\">\n    <canvas id='signature_2' \n            class='fluentform-signature-pad' \n            data-form-id='2'\n            data-pen-color='#333'\n            data-pen-size='2'\n            style='\n                background-color: #ffffff;\n                border: 2px dashed #FFEB3B;\n                width: fit-content;\n            '\n            height=\"200\"\n    ><\/canvas>\n\n    <div class=\"ff-el-signature__actions\">\n        <div class='fluentform-signature-pad-actions'>\n            <button type='button' class='fluentform-signature-button fluentform-signature-clear'>\n                <svg version=\"1.1\" xmlns=\"http:\/\/www.w3.org\/2000\/svg\" xmlns:xlink=\"http:\/\/www.w3.org\/1999\/xlink\" x=\"0px\" y=\"0px\" viewBox=\"0 0 561 561\" xml:space=\"preserve\"><g><g id=\"loop\"><path d=\"M280.5,76.5V0l-102,102l102,102v-76.5c84.15,0,153,68.85,153,153c0,25.5-7.65,51-17.85,71.4l38.25,38.25C471.75,357,484.5,321.3,484.5,280.5C484.5,168.3,392.7,76.5,280.5,76.5z M280.5,433.5c-84.15,0-153-68.85-153-153c0-25.5,7.65-51,17.85-71.4l-38.25-38.25C89.25,204,76.5,239.7,76.5,280.5c0,112.2,91.8,204,204,204V561l102-102l-102-102V433.5z\"\/><\/g><\/g><g><\/g><g><\/g><g><\/g><g><\/g><g><\/g><g><\/g><g><\/g><g><\/g><g><\/g><g><\/g><g><\/g><g><\/g><g><\/g><g><\/g><g><\/g><\/svg>\n            <\/button>\n            \n            <button type='button' class='fluentform-signature-button fluentform-signature-undo'>\n                <svg version=\"1.1\" xmlns=\"http:\/\/www.w3.org\/2000\/svg\" xmlns:xlink=\"http:\/\/www.w3.org\/1999\/xlink\" x=\"0px\" y=\"0px\" viewBox=\"0 0 497.25 497.25\" xml:space=\"preserve\"><g><g id=\"undo\"><path d=\"M248.625,89.25V0l-127.5,127.5l127.5,127.5V140.25c84.15,0,153,68.85,153,153c0,84.15-68.85,153-153,153c-84.15,0-153-68.85-153-153h-51c0,112.2,91.8,204,204,204s204-91.8,204-204S360.825,89.25,248.625,89.25z\"\/><\/g><\/g><g><\/g><g><\/g><g><\/g><g><\/g><g><\/g><g><\/g><g><\/g><g><\/g><g><\/g><g><\/g><g><\/g><g><\/g><g><\/g><g><\/g><g><\/g><\/svg>\n            <\/button>\n\n            <button type='button' class='fluentform-signature-button fluentform-signature-redo'>\n                <svg version=\"1.1\" xmlns=\"http:\/\/www.w3.org\/2000\/svg\" xmlns:xlink=\"http:\/\/www.w3.org\/1999\/xlink\" x=\"0px\" y=\"0px\" viewBox=\"0 0 485.212 485.212\" xml:space=\"preserve\"><g><path d=\"M242.607,424.559c-75.252,0-136.468-61.209-136.468-136.465c0-75.252,61.216-136.466,136.468-136.466v90.978l151.629-121.302L242.607,0v90.978c-108.687,0-197.117,88.432-197.117,197.117c0,108.691,88.43,197.118,197.117,197.118c108.687,0,197.114-88.427,197.114-197.118h-60.645C379.077,363.35,317.859,424.559,242.607,424.559z\"\/><\/g><g><\/g><g><\/g><g><\/g><g><\/g><g><\/g><g><\/g><g><\/g><g><\/g><g><\/g><g><\/g><g><\/g><g><\/g><g><\/g><g><\/g><g><\/g><\/svg>\n            <\/button>\n        <\/div>\n\n        <div class='ff-el-signature__actions-hint fluentform-signature-hint'>Sign Here<\/div>\n    <\/div>\n<\/div>\n<\/div><\/div><div class='ff-el-group ff-text-center ff_submit_btn_wrapper'><button type=\"submit\" class=\"ff-btn ff-btn-submit ff-btn-md ff_btn_style\" >Enviar<\/button><\/div><\/fieldset><\/form><div id='fluentform_2_errors' class='ff-errors-in-stack ff_form_instance_2_1 ff-form-loading_errors ff_form_instance_2_1_errors'><\/div><\/div>        <script type=\"text\/javascript\">\n            window.fluent_form_ff_form_instance_2_1 = {\"id\":\"2\",\"settings\":{\"layout\":{\"labelPlacement\":\"top\",\"helpMessagePlacement\":\"with_label\",\"errorMessagePlacement\":\"inline\",\"asteriskPlacement\":\"asterisk-right\"},\"restrictions\":{\"denyEmptySubmission\":{\"enabled\":false}}},\"form_instance\":\"ff_form_instance_2_1\",\"form_id_selector\":\"fluentform_2\",\"rules\":{\"names[first_name]\":{\"required\":{\"value\":true,\"message\":\"This field is required\",\"global_message\":\"This field is required\",\"global\":true}},\"names[middle_name]\":{\"required\":{\"value\":false,\"message\":\"This field is required\",\"global_message\":\"This field is required\",\"global\":true}},\"names[last_name]\":{\"required\":{\"value\":false,\"message\":\"This field is required\",\"global_message\":\"This field is required\",\"global\":true}},\"input_text\":{\"required\":{\"value\":true,\"message\":\"This field is required\",\"global_message\":\"This field is required\",\"global\":true}},\"checkbox\":{\"required\":{\"value\":true,\"message\":\"This field is required\",\"global_message\":\"This field is required\",\"global\":true}},\"terms-n-condition\":{\"required\":{\"value\":false,\"message\":\"This field is required\",\"global_message\":\"This field is required\",\"global\":true}},\"signature\":{\"required\":{\"value\":false,\"message\":\"This field is required\",\"global\":false,\"global_message\":\"This field is required\"}}},\"debounce_time\":300};\n                    <\/script>\n                    <\/div>\n\n            \t\t\t\t<\/div>\n\t\t\t\t<\/div>\n\t\t\t\t\t<\/div>\n\t\t\t\t<\/div>\n\t\t\t\t<\/div>\n\t\t","protected":false},"excerpt":{"rendered":"<p>CESI\u00d3N VOLUNTARIA Y AUTORIZACI\u00d3N DE USO DE IMAGEN FOTOGR\u00c1FICA. Consentimiento Yo, Mayor de edad, identificado con el documento Nro.: por medio del presente documento autorizo de manera libre, voluntaria, previa, expresa e informada a la empresa BA\u00d1O MOVIL DE COLOMBIA BAMOCOL SA EN REORGANIZACI\u00d3N, identificada con NIT: 805009601-8, con domicilio en Cali, para que use [&hellip;]<\/p>\n","protected":false},"author":1,"featured_media":0,"parent":0,"menu_order":0,"comment_status":"closed","ping_status":"closed","template":"elementor_canvas","meta":{"footnotes":""},"class_list":["post-10","page","type-page","status-publish","hentry"],"_links":{"self":[{"href":"https:\/\/concurso.bamocol.com\/index.php\/wp-json\/wp\/v2\/pages\/10","targetHints":{"allow":["GET"]}}],"collection":[{"href":"https:\/\/concurso.bamocol.com\/index.php\/wp-json\/wp\/v2\/pages"}],"about":[{"href":"https:\/\/concurso.bamocol.com\/index.php\/wp-json\/wp\/v2\/types\/page"}],"author":[{"embeddable":true,"href":"https:\/\/concurso.bamocol.com\/index.php\/wp-json\/wp\/v2\/users\/1"}],"replies":[{"embeddable":true,"href":"https:\/\/concurso.bamocol.com\/index.php\/wp-json\/wp\/v2\/comments?post=10"}],"version-history":[{"count":25,"href":"https:\/\/concurso.bamocol.com\/index.php\/wp-json\/wp\/v2\/pages\/10\/revisions"}],"predecessor-version":[{"id":41,"href":"https:\/\/concurso.bamocol.com\/index.php\/wp-json\/wp\/v2\/pages\/10\/revisions\/41"}],"wp:attachment":[{"href":"https:\/\/concurso.bamocol.com\/index.php\/wp-json\/wp\/v2\/media?parent=10"}],"curies":[{"name":"wp","href":"https:\/\/api.w.org\/{rel}","templated":true}]}}